r of 532?
True
Is 43 a factor of 11550?
False
Is 16 a factor of 640?
True
Does 24 divide 3458?
False
Is 4224 a multiple of 25?
False
Does 54 divide 22985?
False
Is 722 a multiple of 21?
False
Is 31 a factor of 13657?
False
Does 25 divide 650?
True
Is 2143 a multiple of 94?
False
Is 3897 a multiple of 36?
False
Is 736 a multiple of 23?
True
Does 22 divide 1826?
True
Does 8 divide 92296?
True
Is 157 a factor of 40977?
True
Does 10 divide 1070?
True
Is 8 a factor of 3396?
False
Is 13 a factor of 491?
False
Does 56 divide 10360?
True
Does 29 divide 4299?
False
Is 5 a factor of 5565?
True
Is 35 a factor of 81973?
False
Is 8 a factor of 1077?
False
Is 2124 a multiple of 36?
True
Is 339 a multiple of 18?
False
Is 8 a factor of 33382?
False
Is 19 a factor of 95?
True
Is 11 a factor of 46?
False
Is 4650 a multiple of 15?
True
Is 4420 a multiple of 34?
True
Is 12 a factor of 11052?
True
Is 11 a factor of 462?
True
Is 2350 a multiple of 50?
True
Is 19 a factor of 1665?
False
Is 14170 a multiple of 102?
False
Is 729 a multiple of 12?
False
Is 30 a factor of 6660?
True
Does 6 divide 117?
False
Is 866 a multiple of 12?
False
Does 14 divide 26130?
False
Is 23 a factor of 1262?
False
Does 77 divide 26103?
True
Does 2 divide 468?
True
Is 29 a factor of 580?
True
Is 5130 a multiple of 135?
True
Is 5 a factor of 512?
False
Does 8 divide 3024?
True
Is 28 a factor of 27828?
False
Is 61 a factor of 793?
True
Does 32 divide 2043?
False
Does 73 divide 2555?
True
Does 19 divide 11991?
False
Is 57 a factor of 32775?
True
Does 37 divide 9018?
False
Is 76 a factor of 52175?
False
Does 3 divide 8512?
False
Does 61 divide 32894?
False
Does 18 divide 918?
True
Does 35 divide 2275?
True
Is 177 a factor of 3186?
True
Is 21 a factor of 11466?
True
Does 52 divide 208?
True
Does 31 divide 5394?
True
Is 130 a factor of 8549?
False
Is 156 a factor of 27456?
True
Is 133 a multiple of 5?
False
Is 1710 a multiple of 10?
True
Does 11 divide 110?
True
Is 11777 a multiple of 109?
False
Is 11 a factor of 132?
True
Is 21 a factor of 1260?
True
Does 16 divide 768?
True
Does 14 divide 8778?
True
Is 2258 a multiple of 62?
False
Is 497 a multiple of 10?
False
Is 16 a factor of 1851?
False
Is 427 a multiple of 33?
False
Is 27333 a multiple of 10?
False
Is 12 a factor of 1159?
False
Is 20 a factor of 540?
True
Does 30 divide 523?
False
Is 9 a factor of 135?
True
Does 84 divide 20463?
False
Does 95 divide 3981?
False
Is 210 a multiple of 10?
True
Is 28 a factor of 670?
False
Does 9 divide 162?
True
Is 20955 a multiple of 11?
True
Does 116 divide 1972?
True
Does 74 divide 444?
True
Does 3 divide 7921?
False
Does 17 divide 976?
False
Is 44 a factor of 421?
False
Is 54 a factor of 4654?
False
Does 23 divide 1176?
False
Is 690 a multiple of 15?
True
Does 20 divide 20360?
True
Is 37 a factor of 4498?
False
Is 1997 a multiple of 55?
False
Is 4 a factor of 57?
False
Is 69870 a multiple of 255?
True
Is 2385 a multiple of 23?
False
Is 18 a factor of 1243?
False
Does 28 divide 77271?
False
Is 19923 a multiple of 103?
False
Is 81 a factor of 1170?
False
Is 5 a factor of 75?
True
Is 412 a multiple of 24?
False
Is 1516 a multiple of 16?
False
Is 28 a factor of 1200?
False
Is 16150 a multiple of 34?
True
Is 60 a multiple of 33?
False
Does 25 divide 976?
False
Is 6 a factor of 262?
False
Is 41 a factor of 31406?
True
Is 74 a factor of 1514?
False
Is 5096 a multiple of 8?
True
Does 53 divide 1315?
False
Is 45 a factor of 24063?
False
Is 15 a factor of 18554?
False
Is 5 a factor of 344?
False
Is 847 a multiple of 11?
True
Is 80 a factor of 19280?
True
Is 12160 a multiple of 152?
True
Is 67 a factor of 39128?
True
Is 20 a factor of 931?
False
Is 14351 a multiple of 126?
False
Is 1856 a multiple of 8?
True
Is 214 a multiple of 27?
False
Is 17 a factor of 4301?
True
Does 189 divide 10063?
False
Is 2040 a multiple of 24?
True
Does 19 divide 242?
False
Does 18 divide 1528?
False
Does 95 divide 17290?
True
Is 6827 a multiple of 5?
False
Does 64 divide 512?
True
Is 14 a factor of 378?
True
Is 48672 a multiple of 39?
True
Is 5 a factor of 2715?
True
Does 44 divide 1270?
False
Is 324 a factor of 86679?
False
Is 420 a multiple of 70?
True
Is 52 a factor of 13031?
False
Is 8 a factor of 607?
False
Is 32 a multiple of 8?
True
Does 11 divide 155846?
False
Is 17 a factor of 6086?
True
Does 21 divide 10584?
True
Is 2935 a multiple of 35?
False
Is 1196 a multiple of 26?
True
Is 8340 a multiple of 169?
False
Does 291 divide 37089?
False
Does 396 divide 28839?
False
Is 215 a multiple of 66?
False
Is 328 a multiple of 8?
True
Is 63 a factor of 4851?
True
Does 80 divide 87680?
True
Is 3 a factor of 438?
True
Is 186515 a multiple of 35?
True
Is 2499 a multiple of 74?
False
Is 19 a factor of 16207?
True
Is 8678 a multiple of 89?
False
Is 23 a factor of 116?
False
Is 3225 a multiple of 15?
True
Does 8 divide 268?
False
Is 1767 a multiple of 19?
True
Is 35 a multiple of 2?
False
Is 6192 a multiple of 24?
True
Is 19 a factor of 31704?
False
Does 62 divide 970?
False
Is 4805 a multiple of 57?
False
Does 10 divide 16040?
True
Is 182 a factor of 48776?
True
Does 11 divide 3707?
True
Is 4 a factor of 1396?
True
Is 36 a factor of 1332?
True
Is 24 a factor of 432?
True
Is 55 a factor of 4370?
False
Is 836 a multiple of 17?
False
Is 16 a factor of 16?
True
Is 45 a factor of 2697?
False
Does 2 divide 427?
False
Is 7737 a multiple of 22?
False
Is 12335 a multiple of 11?
False
Does 16 divide 288?
True
Is 49508 a multiple of 222?
False
Is 7795 a multiple of 18?
False
Is 14 a factor of 545?
False
Does 31 divide 7127?
False
Is 3 a factor of 266?
False
Does 8 divide 2688?
True
Does 17 divide 1530?
True
Is 21 a factor of 2226?
True
Is 3 a factor of 162?
True
Is 5688 a multiple of 6?
True
Is 81 a multiple of 27?
True
Does 11 divide 1331?
True
Is 214 a multiple of 16?
False
Is 38 a factor of 240?
False
Does 38 divide 7666?
False
Is 7 a factor of 6671?
True
Does 27 divide 243?
True
Is 334 a multiple of 36?
False
Is 40 a factor of 1730?
False
Is 1702 a multiple of 14?
False
Does 8 divide 11184?
True
Is 11145 a multiple of 5?
True
Is 51 a factor of 1224?
True
Does 26 divide 3016?
True
Does 2 divide 1047?
False
Is 2 a factor of 28125?
False
Does 15 divide 372?
False
Is 15 a factor of 1324?
False
Is 23 a factor of 41865?
False
Does 88 divide 2528?
False
Is 9945 a multiple of 51?
True
Does 148 divide 77395?
False
Is 10437 a multiple of 21?
True
Does 73 divide 14450?
False
Does 29 divide 50430?
False
Does 9 divide 5141?
False
Does 24 divide 5568?
True
Is 9 a factor of 12690?
True
Does 24 divide 27?
False
Is 81 a factor of 618?
False
Is 95 a multiple of 7?
False
Is 14 a factor of 349?
False
Does 3 divide 2293?
False
Is 720 a multiple of 18?
True
Is 3167 even?
False
Does 24 divide 60253?
False
Is 3 a factor of 44754?
True
Is 29 a factor of 317?
False
Is 7403 a multiple of 70?
False
Does 13 divide 53287?
True
Does 138 divide 1932?
True
Does 20 divide 1680?
True
Does 66 divide 27151?
False
Is 40 a factor of 4520?
True
Is 31504 a multiple of 179?
True
Does 2 divide 4882?
True
Is 16 a factor of 16692?
False
Is 11339 a multiple of 23?
True
Is 136 a multiple of 17?
True
Is 5 a factor of 9650?
True
Does 5 divide 355?
True
Is 1480 a multiple of 20?
True
Is 2460 a multiple of 30?
True
Is 58 a factor of 2030?
True
Is 962 a multiple of 6?
False
Does 26 divide 848?
False
Does 10 divide 310?
True
Is 414 a multiple of 21?
False
Does 100 divide 113254?
False
Is 14222 a multiple of 13?
True
Is 64 a factor of 14848?
True
Is 7 a factor of 5248?
False
Is 32 a factor of 192?
True
Does 27 divide 864?
True
Does 38 divide 714?
False
Does 91 divide 3535?
False
Is 652 a multiple of 33?
False
Is 304 a factor of 39706?
False
Does 15 divide 870?
True
Is 15 a factor of 120?
True
Is 884 a multiple of 13?
True
Is 18 a factor of 1530?
True
Is 7 a factor of 26?
False
Is 400 a multiple of 8?
True
Does 13 divide 1297?
False
Is 35984 a multiple of 13?
True
Does 42 divide 16422?
True
Is 3312 a multiple of 72?
True
Is 21 a factor of 40866?
True
Does 22 divide 336?
False
Does 10 divide 6720?
True
Is 5 a factor of 2655?
True
Is 13704 a multiple of 3?
True
Is 150 a multiple of 50?
True
Does 62 divide 23126?
True
Is 1863 a multiple of 3?
True
Is 1178 a multiple of 108?
False
Does 9 divide 504?
True